{"id":574,"date":"2015-07-05T15:05:31","date_gmt":"2015-07-05T13:05:31","guid":{"rendered":"http:\/\/trautweingmbh.de\/cms\/?page_id=574"},"modified":"2021-12-25T07:46:07","modified_gmt":"2021-12-25T05:46:07","slug":"weichgluehen","status":"publish","type":"page","link":"http:\/\/www.trautweingmbh.de\/cms\/weichgluehen\/","title":{"rendered":"Weichgl\u00fchen"},"content":{"rendered":"\t\t<div data-elementor-type=\"wp-page\" data-elementor-id=\"574\" class=\"elementor elementor-574\">\n\t\t\t\t\t\t\t\t\t<section class=\"elementor-section elementor-top-section elementor-element elementor-element-74fc2a71 elementor-section-boxed elementor-section-height-default elementor-section-height-default\" data-id=\"74fc2a71\" data-element_type=\"section\">\n\t\t\t\t\t\t<div class=\"elementor-container elementor-column-gap-default\">\n\t\t\t\t\t<div class=\"elementor-column elementor-col-100 elementor-top-column elementor-element elementor-element-5fffa578\" data-id=\"5fffa578\" data-element_type=\"column\">\n\t\t\t<div class=\"elementor-widget-wrap elementor-element-populated\">\n\t\t\t\t\t\t\t\t<div class=\"elementor-element elementor-element-6bc0b5d elementor-widget elementor-widget-text-editor\" data-id=\"6bc0b5d\" data-element_type=\"widget\" data-widget_type=\"text-editor.default\">\n\t\t\t\t<div class=\"elementor-widget-container\">\n\t\t\t<style>\/*! elementor - v3.17.0 - 08-11-2023 *\/\n.elementor-widget-text-editor.elementor-drop-cap-view-stacked .elementor-drop-cap{background-color:#69727d;color:#fff}.elementor-widget-text-editor.elementor-drop-cap-view-framed .elementor-drop-cap{color:#69727d;border:3px solid;background-color:transparent}.elementor-widget-text-editor:not(.elementor-drop-cap-view-default) .elementor-drop-cap{margin-top:8px}.elementor-widget-text-editor:not(.elementor-drop-cap-view-default) .elementor-drop-cap-letter{width:1em;height:1em}.elementor-widget-text-editor .elementor-drop-cap{float:left;text-align:center;line-height:1;font-size:50px}.elementor-widget-text-editor .elementor-drop-cap-letter{display:inline-block}<\/style>\t\t\t\t<h1><strong>WEICHGL\u00dcHEN<\/strong><\/h1><p style=\"text-align: justify;\">Unter <strong>Weichgl\u00fchen<\/strong> versteht man nach DIN EN 10052 eine W\u00e4rmebehandlung zum Vermindern der H\u00e4rte auf einen vorgegebenen Wert. Das Weichgl\u00fchen hilft, um die Kaltverformbarkeit und die Zerspanbarkeit von Materialien (z.B. Stahl, Kupfer, Messing) zu verbessern. Beim Weichgl\u00fchen wird das Material bis zum Gl\u00fchen erhitzt (i.d.R. 650\u00a0\u00b0C und 750\u00a0\u00b0C) und gehalten bis sich das Gef\u00fcge komplett umwandeln konnte. Sp\u00e4ter wird es langsam abgek\u00fchlt.<\/p><p style=\"text-align: justify;\">Durch dieses Verfahren wird die H\u00e4rte des Materials verringert, was f\u00fcr eine nachfolgende mechanische Bearbeitung (Drehen, Fr\u00e4sen usw.) von Vorteil ist. Die notwendige Gl\u00fchdauer kann sich betr\u00e4chtlich unterscheiden und teilweise mehr als zehn Stunden dauern.<\/p>\t\t\t\t\t\t<\/div>\n\t\t\t\t<\/div>\n\t\t\t\t\t<\/div>\n\t\t<\/div>\n\t\t\t\t\t\t\t<\/div>\n\t\t<\/section>\n\t\t\t\t\t\t\t<\/div>\n\t\t","protected":false},"excerpt":{"rendered":"<p>WEICHGL\u00dcHEN Unter Weichgl\u00fchen versteht man nach DIN EN 10052 eine W\u00e4rmebehandlung zum Vermindern der H\u00e4rte auf einen vorgegebenen Wert. Das Weichgl\u00fchen hilft, um die Kaltverformbarkeit und die Zerspanbarkeit von Materialien (z.B. Stahl, Kupfer, Messing) zu verbessern. Beim Weichgl\u00fchen wird das Material bis zum Gl\u00fchen erhitzt (i.d.R. 650\u00a0\u00b0C und 750\u00a0\u00b0C) und gehalten bis sich das Gef\u00fcge &hellip; <\/p>\n<p class=\"link-more\"><a href=\"http:\/\/www.trautweingmbh.de\/cms\/weichgluehen\/\" class=\"more-link\">Mehr <span class=\"screen-reader-text\">\u00fcber &#8222;Weichgl\u00fchen&#8220; <\/span>Lesen<\/a><\/p>\n","protected":false},"author":2,"featured_media":0,"parent":0,"menu_order":0,"comment_status":"closed","ping_status":"closed","template":"","meta":{"_mi_skip_tracking":false,"_monsterinsights_sitenote_active":false,"_monsterinsights_sitenote_note":"","_monsterinsights_sitenote_category":0,"footnotes":""},"class_list":["post-574","page","type-page","status-publish","hentry"],"yoast_head":"<!-- This site is optimized with the Yoast SEO plugin v21.5 - https:\/\/yoast.com\/wordpress\/plugins\/seo\/ -->\n<title>Trautwein GmbH - Weichgl\u00fchen<\/title>\n<meta name=\"description\" content=\"Das Weichgl\u00fchen hilft dabei die Kaltverformbarkeit und die Zerspanbarkeit von Materialien (z.B. Stahl, Kupfer, Messing) zu verbessern. Beim Weichgl\u00fchen ...\" \/>\n<meta name=\"robots\" content=\"index, follow, max-snippet:-1, max-image-preview:large, max-video-preview:-1\" \/>\n<link rel=\"canonical\" href=\"http:\/\/www.trautweingmbh.de\/cms\/weichgluehen\/\" \/>\n<meta property=\"og:locale\" content=\"de_DE\" \/>\n<meta property=\"og:type\" content=\"article\" \/>\n<meta property=\"og:title\" content=\"Trautwein GmbH - Weichgl\u00fchen\" \/>\n<meta property=\"og:description\" content=\"Das Weichgl\u00fchen hilft dabei die Kaltverformbarkeit und die Zerspanbarkeit von Materialien (z.B. Stahl, Kupfer, Messing) zu verbessern. Beim Weichgl\u00fchen ...\" \/>\n<meta property=\"og:url\" content=\"http:\/\/www.trautweingmbh.de\/cms\/weichgluehen\/\" \/>\n<meta property=\"og:site_name\" content=\"H\u00e4rterei Trautwein GmbH\" \/>\n<meta property=\"article:modified_time\" content=\"2021-12-25T05:46:07+00:00\" \/>\n<meta name=\"twitter:card\" content=\"summary_large_image\" \/>\n<meta name=\"twitter:label1\" content=\"Gesch\u00e4tzte Lesezeit\" \/>\n\t<meta name=\"twitter:data1\" content=\"1\u00a0Minute\" \/>\n<script type=\"application\/ld+json\" class=\"yoast-schema-graph\">{\"@context\":\"https:\/\/schema.org\",\"@graph\":[{\"@type\":\"WebPage\",\"@id\":\"http:\/\/www.trautweingmbh.de\/cms\/weichgluehen\/\",\"url\":\"http:\/\/www.trautweingmbh.de\/cms\/weichgluehen\/\",\"name\":\"Trautwein GmbH - Weichgl\u00fchen\",\"isPartOf\":{\"@id\":\"http:\/\/www.trautweingmbh.de\/cms\/#website\"},\"datePublished\":\"2015-07-05T13:05:31+00:00\",\"dateModified\":\"2021-12-25T05:46:07+00:00\",\"description\":\"Das Weichgl\u00fchen hilft dabei die Kaltverformbarkeit und die Zerspanbarkeit von Materialien (z.B. Stahl, Kupfer, Messing) zu verbessern. Beim Weichgl\u00fchen ...\",\"breadcrumb\":{\"@id\":\"http:\/\/www.trautweingmbh.de\/cms\/weichgluehen\/#breadcrumb\"},\"inLanguage\":\"de\",\"potentialAction\":[{\"@type\":\"ReadAction\",\"target\":[\"http:\/\/www.trautweingmbh.de\/cms\/weichgluehen\/\"]}]},{\"@type\":\"BreadcrumbList\",\"@id\":\"http:\/\/www.trautweingmbh.de\/cms\/weichgluehen\/#breadcrumb\",\"itemListElement\":[{\"@type\":\"ListItem\",\"position\":1,\"name\":\"Home\",\"item\":\"http:\/\/www.trautweingmbh.de\/cms\/\"},{\"@type\":\"ListItem\",\"position\":2,\"name\":\"Weichgl\u00fchen\"}]},{\"@type\":\"WebSite\",\"@id\":\"http:\/\/www.trautweingmbh.de\/cms\/#website\",\"url\":\"http:\/\/www.trautweingmbh.de\/cms\/\",\"name\":\"H\u00e4rterei Trautwein GmbH\",\"description\":\"W\u00e4rmebehandlung von Metallen | Oberfl\u00e4chenveredelung\",\"publisher\":{\"@id\":\"http:\/\/www.trautweingmbh.de\/cms\/#organization\"},\"potentialAction\":[{\"@type\":\"SearchAction\",\"target\":{\"@type\":\"EntryPoint\",\"urlTemplate\":\"http:\/\/www.trautweingmbh.de\/cms\/?s={search_term_string}\"},\"query-input\":\"required name=search_term_string\"}],\"inLanguage\":\"de\"},{\"@type\":\"Organization\",\"@id\":\"http:\/\/www.trautweingmbh.de\/cms\/#organization\",\"name\":\"Trautwein GmbH\",\"url\":\"http:\/\/www.trautweingmbh.de\/cms\/\",\"logo\":{\"@type\":\"ImageObject\",\"inLanguage\":\"de\",\"@id\":\"http:\/\/www.trautweingmbh.de\/cms\/#\/schema\/logo\/image\/\",\"url\":\"http:\/\/www.trautweingmbh.de\/cms\/wp-content\/uploads\/2013\/08\/Logo_m.gif\",\"contentUrl\":\"http:\/\/www.trautweingmbh.de\/cms\/wp-content\/uploads\/2013\/08\/Logo_m.gif\",\"width\":360,\"height\":55,\"caption\":\"Trautwein GmbH\"},\"image\":{\"@id\":\"http:\/\/www.trautweingmbh.de\/cms\/#\/schema\/logo\/image\/\"}}]}<\/script>\n<!-- \/ Yoast SEO plugin. -->","yoast_head_json":{"title":"Trautwein GmbH - Weichgl\u00fchen","description":"Das Weichgl\u00fchen hilft dabei die Kaltverformbarkeit und die Zerspanbarkeit von Materialien (z.B. Stahl, Kupfer, Messing) zu verbessern. Beim Weichgl\u00fchen ...","robots":{"index":"index","follow":"follow","max-snippet":"max-snippet:-1","max-image-preview":"max-image-preview:large","max-video-preview":"max-video-preview:-1"},"canonical":"http:\/\/www.trautweingmbh.de\/cms\/weichgluehen\/","og_locale":"de_DE","og_type":"article","og_title":"Trautwein GmbH - Weichgl\u00fchen","og_description":"Das Weichgl\u00fchen hilft dabei die Kaltverformbarkeit und die Zerspanbarkeit von Materialien (z.B. Stahl, Kupfer, Messing) zu verbessern. Beim Weichgl\u00fchen ...","og_url":"http:\/\/www.trautweingmbh.de\/cms\/weichgluehen\/","og_site_name":"H\u00e4rterei Trautwein GmbH","article_modified_time":"2021-12-25T05:46:07+00:00","twitter_card":"summary_large_image","twitter_misc":{"Gesch\u00e4tzte Lesezeit":"1\u00a0Minute"},"schema":{"@context":"https:\/\/schema.org","@graph":[{"@type":"WebPage","@id":"http:\/\/www.trautweingmbh.de\/cms\/weichgluehen\/","url":"http:\/\/www.trautweingmbh.de\/cms\/weichgluehen\/","name":"Trautwein GmbH - Weichgl\u00fchen","isPartOf":{"@id":"http:\/\/www.trautweingmbh.de\/cms\/#website"},"datePublished":"2015-07-05T13:05:31+00:00","dateModified":"2021-12-25T05:46:07+00:00","description":"Das Weichgl\u00fchen hilft dabei die Kaltverformbarkeit und die Zerspanbarkeit von Materialien (z.B. Stahl, Kupfer, Messing) zu verbessern. Beim Weichgl\u00fchen ...","breadcrumb":{"@id":"http:\/\/www.trautweingmbh.de\/cms\/weichgluehen\/#breadcrumb"},"inLanguage":"de","potentialAction":[{"@type":"ReadAction","target":["http:\/\/www.trautweingmbh.de\/cms\/weichgluehen\/"]}]},{"@type":"BreadcrumbList","@id":"http:\/\/www.trautweingmbh.de\/cms\/weichgluehen\/#breadcrumb","itemListElement":[{"@type":"ListItem","position":1,"name":"Home","item":"http:\/\/www.trautweingmbh.de\/cms\/"},{"@type":"ListItem","position":2,"name":"Weichgl\u00fchen"}]},{"@type":"WebSite","@id":"http:\/\/www.trautweingmbh.de\/cms\/#website","url":"http:\/\/www.trautweingmbh.de\/cms\/","name":"H\u00e4rterei Trautwein GmbH","description":"W\u00e4rmebehandlung von Metallen | Oberfl\u00e4chenveredelung","publisher":{"@id":"http:\/\/www.trautweingmbh.de\/cms\/#organization"},"potentialAction":[{"@type":"SearchAction","target":{"@type":"EntryPoint","urlTemplate":"http:\/\/www.trautweingmbh.de\/cms\/?s={search_term_string}"},"query-input":"required name=search_term_string"}],"inLanguage":"de"},{"@type":"Organization","@id":"http:\/\/www.trautweingmbh.de\/cms\/#organization","name":"Trautwein GmbH","url":"http:\/\/www.trautweingmbh.de\/cms\/","logo":{"@type":"ImageObject","inLanguage":"de","@id":"http:\/\/www.trautweingmbh.de\/cms\/#\/schema\/logo\/image\/","url":"http:\/\/www.trautweingmbh.de\/cms\/wp-content\/uploads\/2013\/08\/Logo_m.gif","contentUrl":"http:\/\/www.trautweingmbh.de\/cms\/wp-content\/uploads\/2013\/08\/Logo_m.gif","width":360,"height":55,"caption":"Trautwein GmbH"},"image":{"@id":"http:\/\/www.trautweingmbh.de\/cms\/#\/schema\/logo\/image\/"}}]}},"jetpack_sharing_enabled":true,"_links":{"self":[{"href":"http:\/\/www.trautweingmbh.de\/cms\/wp-json\/wp\/v2\/pages\/574","targetHints":{"allow":["GET"]}}],"collection":[{"href":"http:\/\/www.trautweingmbh.de\/cms\/wp-json\/wp\/v2\/pages"}],"about":[{"href":"http:\/\/www.trautweingmbh.de\/cms\/wp-json\/wp\/v2\/types\/page"}],"author":[{"embeddable":true,"href":"http:\/\/www.trautweingmbh.de\/cms\/wp-json\/wp\/v2\/users\/2"}],"replies":[{"embeddable":true,"href":"http:\/\/www.trautweingmbh.de\/cms\/wp-json\/wp\/v2\/comments?post=574"}],"version-history":[{"count":12,"href":"http:\/\/www.trautweingmbh.de\/cms\/wp-json\/wp\/v2\/pages\/574\/revisions"}],"predecessor-version":[{"id":7067,"href":"http:\/\/www.trautweingmbh.de\/cms\/wp-json\/wp\/v2\/pages\/574\/revisions\/7067"}],"wp:attachment":[{"href":"http:\/\/www.trautweingmbh.de\/cms\/wp-json\/wp\/v2\/media?parent=574"}],"curies":[{"name":"wp","href":"https:\/\/api.w.org\/{rel}","templated":true}]}}