{"id":184,"date":"2015-07-03T21:45:59","date_gmt":"2015-07-03T19:45:59","guid":{"rendered":"http:\/\/trautweingmbh.de\/cms\/?page_id=184"},"modified":"2022-02-09T08:19:22","modified_gmt":"2022-02-09T06:19:22","slug":"vakuumhaerten","status":"publish","type":"page","link":"http:\/\/www.trautweingmbh.de\/cms\/vakuumhaerten\/","title":{"rendered":"Vakuumh\u00e4rten"},"content":{"rendered":"<p><img decoding=\"async\" src=\"https:\/\/i0.wp.com\/www.trautweingmbh.de\/cms\/wp-content\/uploads\/2021\/12\/Design-ohne-Titel-8.jpg?resize=750%2C750\" alt=\"\" loading=\"lazy\" srcset=\"https:\/\/i0.wp.com\/www.trautweingmbh.de\/cms\/wp-content\/uploads\/2021\/12\/Design-ohne-Titel-8.jpg?w=750 750w, https:\/\/i0.wp.com\/www.trautweingmbh.de\/cms\/wp-content\/uploads\/2021\/12\/Design-ohne-Titel-8.jpg?resize=300%2C300 300w, https:\/\/i0.wp.com\/www.trautweingmbh.de\/cms\/wp-content\/uploads\/2021\/12\/Design-ohne-Titel-8.jpg?resize=150%2C150 150w\" sizes=\"auto, 100vw\" width=\"750\" height=\"750\"  data-recalc-dims=\"1\"><\/p>\n<h4><\/h4>\n<h1 style=\"white-space: normal; text-align: justify;\">VAKUUMH\u00c4RTEN<\/h1>\n<p style=\"text-align: justify;\">Unter hohem Druck sind wir in der Lage, die Oberfl\u00e4che der Teile zu h\u00e4rten und sie widerstandsf\u00e4higer gegen Belastungen zu machen. Mit Stickstoffgas als Abschreckmittel f\u00fcr diesen Prozess ist es m\u00f6glich, sowohl mit Stahllegierungen als auch mit rostfreien St\u00e4hlen zu arbeiten. Die Temperaturen k\u00f6nnen bis zu 1200\u00b0C erreichen, um zu verhindern, dass sich diese Materialien w\u00e4hrend des Abk\u00fchlens verziehen &#8211; Gr\u00f6\u00dfen zwischen 800 x 500 x 700 mm machen das Vakuumh\u00e4rten zu einer hervorragenden Wahl!<\/p>\n","protected":false},"excerpt":{"rendered":"<p>VAKUUMH\u00c4RTEN Unter hohem Druck sind wir in der Lage, die Oberfl\u00e4che der Teile zu h\u00e4rten und sie widerstandsf\u00e4higer gegen Belastungen zu machen. Mit Stickstoffgas als Abschreckmittel f\u00fcr diesen Prozess ist es m\u00f6glich, sowohl mit Stahllegierungen als auch mit rostfreien St\u00e4hlen zu arbeiten. Die Temperaturen k\u00f6nnen bis zu 1200\u00b0C erreichen, um zu verhindern, dass sich diese &hellip; <\/p>\n<p class=\"link-more\"><a href=\"http:\/\/www.trautweingmbh.de\/cms\/vakuumhaerten\/\" class=\"more-link\">Mehr <span class=\"screen-reader-text\">\u00fcber &#8222;Vakuumh\u00e4rten&#8220; <\/span>Lesen<\/a><\/p>\n","protected":false},"author":2,"featured_media":0,"parent":0,"menu_order":0,"comment_status":"closed","ping_status":"closed","template":"","meta":{"_mi_skip_tracking":false,"_monsterinsights_sitenote_active":false,"_monsterinsights_sitenote_note":"","_monsterinsights_sitenote_category":0,"footnotes":""},"class_list":["post-184","page","type-page","status-publish","hentry"],"yoast_head":"<!-- This site is optimized with the Yoast SEO plugin v21.5 - https:\/\/yoast.com\/wordpress\/plugins\/seo\/ -->\n<title>Vakuumh\u00e4rten - Trautwein GmbH<\/title>\n<meta name=\"description\" content=\"Beim Vakuumh\u00e4rten wird unter hohem Druck das H\u00e4rten von verzugsempfindlichen Teilen mit blanker Bauteiloberfl\u00e4che am Prozessende mit Hilfe einer Stickstoff-\" \/>\n<meta name=\"robots\" content=\"index, follow, max-snippet:-1, max-image-preview:large, max-video-preview:-1\" \/>\n<link rel=\"canonical\" href=\"http:\/\/www.trautweingmbh.de\/cms\/vakuumhaerten\/\" \/>\n<meta property=\"og:locale\" content=\"de_DE\" \/>\n<meta property=\"og:type\" content=\"article\" \/>\n<meta property=\"og:title\" content=\"Vakuumh\u00e4rten - Trautwein GmbH\" \/>\n<meta property=\"og:description\" content=\"Beim Vakuumh\u00e4rten wird unter hohem Druck das H\u00e4rten von verzugsempfindlichen Teilen mit blanker Bauteiloberfl\u00e4che am Prozessende mit Hilfe einer Stickstoff-\" \/>\n<meta property=\"og:url\" content=\"http:\/\/www.trautweingmbh.de\/cms\/vakuumhaerten\/\" \/>\n<meta property=\"og:site_name\" content=\"H\u00e4rterei Trautwein GmbH\" \/>\n<meta property=\"article:modified_time\" content=\"2022-02-09T06:19:22+00:00\" \/>\n<meta property=\"og:image\" content=\"http:\/\/www.trautweingmbh.de\/cms\/wp-content\/uploads\/2021\/12\/Design-ohne-Titel-8.jpg\" \/>\n<meta name=\"twitter:card\" content=\"summary_large_image\" \/>\n<meta name=\"twitter:label1\" content=\"Gesch\u00e4tzte Lesezeit\" \/>\n\t<meta name=\"twitter:data1\" content=\"1\u00a0Minute\" \/>\n<script type=\"application\/ld+json\" class=\"yoast-schema-graph\">{\"@context\":\"https:\/\/schema.org\",\"@graph\":[{\"@type\":\"WebPage\",\"@id\":\"http:\/\/www.trautweingmbh.de\/cms\/vakuumhaerten\/\",\"url\":\"http:\/\/www.trautweingmbh.de\/cms\/vakuumhaerten\/\",\"name\":\"Vakuumh\u00e4rten - Trautwein GmbH\",\"isPartOf\":{\"@id\":\"http:\/\/www.trautweingmbh.de\/cms\/#website\"},\"datePublished\":\"2015-07-03T19:45:59+00:00\",\"dateModified\":\"2022-02-09T06:19:22+00:00\",\"description\":\"Beim Vakuumh\u00e4rten wird unter hohem Druck das H\u00e4rten von verzugsempfindlichen Teilen mit blanker Bauteiloberfl\u00e4che am Prozessende mit Hilfe einer Stickstoff-\",\"breadcrumb\":{\"@id\":\"http:\/\/www.trautweingmbh.de\/cms\/vakuumhaerten\/#breadcrumb\"},\"inLanguage\":\"de\",\"potentialAction\":[{\"@type\":\"ReadAction\",\"target\":[\"http:\/\/www.trautweingmbh.de\/cms\/vakuumhaerten\/\"]}]},{\"@type\":\"BreadcrumbList\",\"@id\":\"http:\/\/www.trautweingmbh.de\/cms\/vakuumhaerten\/#breadcrumb\",\"itemListElement\":[{\"@type\":\"ListItem\",\"position\":1,\"name\":\"Home\",\"item\":\"http:\/\/www.trautweingmbh.de\/cms\/\"},{\"@type\":\"ListItem\",\"position\":2,\"name\":\"Vakuumh\u00e4rten\"}]},{\"@type\":\"WebSite\",\"@id\":\"http:\/\/www.trautweingmbh.de\/cms\/#website\",\"url\":\"http:\/\/www.trautweingmbh.de\/cms\/\",\"name\":\"H\u00e4rterei Trautwein GmbH\",\"description\":\"W\u00e4rmebehandlung von Metallen | Oberfl\u00e4chenveredelung\",\"publisher\":{\"@id\":\"http:\/\/www.trautweingmbh.de\/cms\/#organization\"},\"potentialAction\":[{\"@type\":\"SearchAction\",\"target\":{\"@type\":\"EntryPoint\",\"urlTemplate\":\"http:\/\/www.trautweingmbh.de\/cms\/?s={search_term_string}\"},\"query-input\":\"required name=search_term_string\"}],\"inLanguage\":\"de\"},{\"@type\":\"Organization\",\"@id\":\"http:\/\/www.trautweingmbh.de\/cms\/#organization\",\"name\":\"Trautwein GmbH\",\"url\":\"http:\/\/www.trautweingmbh.de\/cms\/\",\"logo\":{\"@type\":\"ImageObject\",\"inLanguage\":\"de\",\"@id\":\"http:\/\/www.trautweingmbh.de\/cms\/#\/schema\/logo\/image\/\",\"url\":\"http:\/\/www.trautweingmbh.de\/cms\/wp-content\/uploads\/2013\/08\/Logo_m.gif\",\"contentUrl\":\"http:\/\/www.trautweingmbh.de\/cms\/wp-content\/uploads\/2013\/08\/Logo_m.gif\",\"width\":360,\"height\":55,\"caption\":\"Trautwein GmbH\"},\"image\":{\"@id\":\"http:\/\/www.trautweingmbh.de\/cms\/#\/schema\/logo\/image\/\"}}]}<\/script>\n<!-- \/ Yoast SEO plugin. -->","yoast_head_json":{"title":"Vakuumh\u00e4rten - Trautwein GmbH","description":"Beim Vakuumh\u00e4rten wird unter hohem Druck das H\u00e4rten von verzugsempfindlichen Teilen mit blanker Bauteiloberfl\u00e4che am Prozessende mit Hilfe einer Stickstoff-","robots":{"index":"index","follow":"follow","max-snippet":"max-snippet:-1","max-image-preview":"max-image-preview:large","max-video-preview":"max-video-preview:-1"},"canonical":"http:\/\/www.trautweingmbh.de\/cms\/vakuumhaerten\/","og_locale":"de_DE","og_type":"article","og_title":"Vakuumh\u00e4rten - Trautwein GmbH","og_description":"Beim Vakuumh\u00e4rten wird unter hohem Druck das H\u00e4rten von verzugsempfindlichen Teilen mit blanker Bauteiloberfl\u00e4che am Prozessende mit Hilfe einer Stickstoff-","og_url":"http:\/\/www.trautweingmbh.de\/cms\/vakuumhaerten\/","og_site_name":"H\u00e4rterei Trautwein GmbH","article_modified_time":"2022-02-09T06:19:22+00:00","og_image":[{"url":"http:\/\/www.trautweingmbh.de\/cms\/wp-content\/uploads\/2021\/12\/Design-ohne-Titel-8.jpg"}],"twitter_card":"summary_large_image","twitter_misc":{"Gesch\u00e4tzte Lesezeit":"1\u00a0Minute"},"schema":{"@context":"https:\/\/schema.org","@graph":[{"@type":"WebPage","@id":"http:\/\/www.trautweingmbh.de\/cms\/vakuumhaerten\/","url":"http:\/\/www.trautweingmbh.de\/cms\/vakuumhaerten\/","name":"Vakuumh\u00e4rten - Trautwein GmbH","isPartOf":{"@id":"http:\/\/www.trautweingmbh.de\/cms\/#website"},"datePublished":"2015-07-03T19:45:59+00:00","dateModified":"2022-02-09T06:19:22+00:00","description":"Beim Vakuumh\u00e4rten wird unter hohem Druck das H\u00e4rten von verzugsempfindlichen Teilen mit blanker Bauteiloberfl\u00e4che am Prozessende mit Hilfe einer Stickstoff-","breadcrumb":{"@id":"http:\/\/www.trautweingmbh.de\/cms\/vakuumhaerten\/#breadcrumb"},"inLanguage":"de","potentialAction":[{"@type":"ReadAction","target":["http:\/\/www.trautweingmbh.de\/cms\/vakuumhaerten\/"]}]},{"@type":"BreadcrumbList","@id":"http:\/\/www.trautweingmbh.de\/cms\/vakuumhaerten\/#breadcrumb","itemListElement":[{"@type":"ListItem","position":1,"name":"Home","item":"http:\/\/www.trautweingmbh.de\/cms\/"},{"@type":"ListItem","position":2,"name":"Vakuumh\u00e4rten"}]},{"@type":"WebSite","@id":"http:\/\/www.trautweingmbh.de\/cms\/#website","url":"http:\/\/www.trautweingmbh.de\/cms\/","name":"H\u00e4rterei Trautwein GmbH","description":"W\u00e4rmebehandlung von Metallen | Oberfl\u00e4chenveredelung","publisher":{"@id":"http:\/\/www.trautweingmbh.de\/cms\/#organization"},"potentialAction":[{"@type":"SearchAction","target":{"@type":"EntryPoint","urlTemplate":"http:\/\/www.trautweingmbh.de\/cms\/?s={search_term_string}"},"query-input":"required name=search_term_string"}],"inLanguage":"de"},{"@type":"Organization","@id":"http:\/\/www.trautweingmbh.de\/cms\/#organization","name":"Trautwein GmbH","url":"http:\/\/www.trautweingmbh.de\/cms\/","logo":{"@type":"ImageObject","inLanguage":"de","@id":"http:\/\/www.trautweingmbh.de\/cms\/#\/schema\/logo\/image\/","url":"http:\/\/www.trautweingmbh.de\/cms\/wp-content\/uploads\/2013\/08\/Logo_m.gif","contentUrl":"http:\/\/www.trautweingmbh.de\/cms\/wp-content\/uploads\/2013\/08\/Logo_m.gif","width":360,"height":55,"caption":"Trautwein GmbH"},"image":{"@id":"http:\/\/www.trautweingmbh.de\/cms\/#\/schema\/logo\/image\/"}}]}},"jetpack_sharing_enabled":true,"_links":{"self":[{"href":"http:\/\/www.trautweingmbh.de\/cms\/wp-json\/wp\/v2\/pages\/184","targetHints":{"allow":["GET"]}}],"collection":[{"href":"http:\/\/www.trautweingmbh.de\/cms\/wp-json\/wp\/v2\/pages"}],"about":[{"href":"http:\/\/www.trautweingmbh.de\/cms\/wp-json\/wp\/v2\/types\/page"}],"author":[{"embeddable":true,"href":"http:\/\/www.trautweingmbh.de\/cms\/wp-json\/wp\/v2\/users\/2"}],"replies":[{"embeddable":true,"href":"http:\/\/www.trautweingmbh.de\/cms\/wp-json\/wp\/v2\/comments?post=184"}],"version-history":[{"count":51,"href":"http:\/\/www.trautweingmbh.de\/cms\/wp-json\/wp\/v2\/pages\/184\/revisions"}],"predecessor-version":[{"id":7388,"href":"http:\/\/www.trautweingmbh.de\/cms\/wp-json\/wp\/v2\/pages\/184\/revisions\/7388"}],"wp:attachment":[{"href":"http:\/\/www.trautweingmbh.de\/cms\/wp-json\/wp\/v2\/media?parent=184"}],"curies":[{"name":"wp","href":"https:\/\/api.w.org\/{rel}","templated":true}]}}