{"id":182,"date":"2015-07-03T21:45:48","date_gmt":"2015-07-03T19:45:48","guid":{"rendered":"http:\/\/trautweingmbh.de\/cms\/?page_id=182"},"modified":"2021-12-25T13:30:10","modified_gmt":"2021-12-25T11:30:10","slug":"induktionshaerten","status":"publish","type":"page","link":"http:\/\/www.trautweingmbh.de\/cms\/induktionshaerten\/","title":{"rendered":"Induktionsh\u00e4rten"},"content":{"rendered":"\t\t<div data-elementor-type=\"wp-page\" data-elementor-id=\"182\" class=\"elementor elementor-182\">\n\t\t\t\t\t\t\t\t\t<section class=\"elementor-section elementor-top-section elementor-element elementor-element-2eff1f86 elementor-section-boxed elementor-section-height-default elementor-section-height-default\" data-id=\"2eff1f86\" data-element_type=\"section\">\n\t\t\t\t\t\t<div class=\"elementor-container elementor-column-gap-default\">\n\t\t\t\t\t<div class=\"elementor-column elementor-col-100 elementor-top-column elementor-element elementor-element-25973f2a\" data-id=\"25973f2a\" data-element_type=\"column\">\n\t\t\t<div class=\"elementor-widget-wrap elementor-element-populated\">\n\t\t\t\t\t\t\t\t<div class=\"elementor-element elementor-element-4e9233fa elementor-widget elementor-widget-text-editor\" data-id=\"4e9233fa\" data-element_type=\"widget\" data-widget_type=\"text-editor.default\">\n\t\t\t\t<div class=\"elementor-widget-container\">\n\t\t\t<style>\/*! elementor - v3.17.0 - 08-11-2023 *\/\n.elementor-widget-text-editor.elementor-drop-cap-view-stacked .elementor-drop-cap{background-color:#69727d;color:#fff}.elementor-widget-text-editor.elementor-drop-cap-view-framed .elementor-drop-cap{color:#69727d;border:3px solid;background-color:transparent}.elementor-widget-text-editor:not(.elementor-drop-cap-view-default) .elementor-drop-cap{margin-top:8px}.elementor-widget-text-editor:not(.elementor-drop-cap-view-default) .elementor-drop-cap-letter{width:1em;height:1em}.elementor-widget-text-editor .elementor-drop-cap{float:left;text-align:center;line-height:1;font-size:50px}.elementor-widget-text-editor .elementor-drop-cap-letter{display:inline-block}<\/style>\t\t\t\t<h1><strong>Induktionsh\u00e4rten<\/strong><\/h1>\r\n<p style=\"text-align: justify;\">Das <strong>Induktionsh\u00e4rten<\/strong> geh\u00f6rt zu den Randschichth\u00e4rteverfahren und wird in der DIN 17022-5 definiert. Es kann in die drei Untergruppen: Mittelfrequenzh\u00e4rten, Hochfrequenzh\u00e4rten und Hochfrequenz-Impulsh\u00e4rten eingeteilt werden. Wie bei allen Randschichth\u00e4rteverfahren ist Ziel der Behandlung dem Werkstoff\/Bauteil eine verschlei\u00dffrei, harte Oberfl\u00e4che zu verleihen. Dies wird rein durch die Gef\u00fcgeumwandlung erreicht, denn die chemische Zusammensetzung des Werkstoffs bleibt unver\u00e4ndert.<\/p>\r\n<p style=\"text-align: justify;\">Die meisten Randschichth\u00e4rteverfahren arbeiten mit dem gleichen Prinzip der intensiven Energieeinwirkung um einen geringen Bereich der Randschicht oder Werkst\u00fcckoberfl\u00e4che zu erw\u00e4rmen. Es wird erw\u00e4rmt bis die H\u00e4rtetemperatur erreicht und das Gef\u00fcge austenitisiert ist. Durch die geringen Aufheizzeiten wird hier vom \u201eKurzzeitaustenitisieren\u201c gesprochen. \u00dcblicherweise werden, um eine vollst\u00e4ndige Austenitisierung zu erreichen, die H\u00e4rtetemperaturen um 50\u00b0C \u2013 100\u00b0C \u00fcberschritten und die Bauteile direkt nach der Erw\u00e4rmung mit einem geeigneten Medium abgeschreckt. Da die Carbide bei diesen Verfahren nicht vollst\u00e4ndig aufgel\u00f6st werden m\u00fcssen, ist lediglich auf eine homogene Temperaturverteilung in der betroffenen Schicht zu achten. Es muss dabei sichergestellt sein dass sich gen\u00fcgend Kohlenstoff in L\u00f6sung befindet um die geforderte Festigkeit zu erreichen. Idealerweise werden Werkstoffe vor dem Induktionsh\u00e4rten\/Randschichth\u00e4rten verg\u00fctet da nach einer Verg\u00fctung ein weitgehend homogenes Gef\u00fcge mit gleichm\u00e4\u00dfiger Kohlenstoffverteilung vorliegt und auch die Eigenschaften des Kerngef\u00fcges verbessert sind. Durch das Verg\u00fcten wird die schnelle Austenitisierung beg\u00fcnstigt.<\/p>\r\n<p style=\"text-align: justify;\">Der von Wechselstrom durchflossene Induktor, auch Heizleiter genannt, erzeugt durch seine physikalische Eigenschaft als Spule ein wechselndes Magnetfeld. Bringt man nun ein leitf\u00e4higes, metallisches Material in dieses Magnetfeld, wird eine elektrische Wechselspannung induziert und diese erzeugt dann Wirbelstr\u00f6me im Bauteil. Zonen, die durch Wirbelstr\u00f6me durchflossen sind, erw\u00e4rmen sich Aufgrund ihres elektrischen Widerstandes und Hysteresisverlusten bei ferromagnetischen Metallen (wie z.B. Fe, Co, Ni). Wie bei allen H\u00e4rteverfahren muss auch beim Induktionsh\u00e4rten, in einem geeigneten Medium, abgeschreckt werden. Ausnahmen gibt es beim Hochfrequenz-Impulsh\u00e4rten, hier arbeitet man mit Eigen- oder Selbstabschreckung. Hier reicht die W\u00e4rmeleitf\u00e4higkeit des Werkstoffs aus um die W\u00e4rme in den K\u00fchlen Kern zu transportieren und die Gef\u00fcgeumwandlung in Martensit einzuleiten. Weiterhin kann mit der Eigen- oder Selbstabschreckung gearbeitet werden wenn die Bauteilabmessungen ca. 10 Mal gr\u00f6\u00dfer sind als die Einh\u00e4rtungstiefe. Nach dem Induktionsh\u00e4rten werden die Bauteile meistens zwischen 150\u00b0C \u2013 200\u00b0C angelassen um dir Gebrauchsh\u00e4rte einzustellen und die gr\u00f6\u00dften inneren Spannungen abzubauen.<\/p>\r\n<p style=\"text-align: justify;\">Das Induktionsh\u00e4rten hat Vorteile gegen\u00fcber den anderen Verfahren. Einerseits sind durch das schnelle Erw\u00e4rmen und sofortige Abschrecken die Durchlaufzeiten sehr kurz. Andererseits kann durch die Anpassung des Heizleiters an das Werkst\u00fcck eine konturtreue H\u00e4rtung realisiert werden. Die Gefahr der Verzunderung, Randentkohlung und Grobkornbildung besteht auf Grund der kurzen Heiz- und Haltezeiten praktisch nicht.<\/p>\r\n<p style=\"text-align: justify;\">Sprechen Sie uns an \u2013 wir beraten Sie gerne. <a href=\"http:\/\/www.trautweingmbh.de\/cms\/kontakt\/\">Kontakt!<\/a><\/p>\r\n<p style=\"text-align: right;\"><a href=\"http:\/\/www.trautweingmbh.de\/cms\/vakuumhaerten\/\">Weiter zu -&gt; Vakuumh\u00e4rten<\/a><\/p>\t\t\t\t\t\t<\/div>\n\t\t\t\t<\/div>\n\t\t\t\t\t<\/div>\n\t\t<\/div>\n\t\t\t\t\t\t\t<\/div>\n\t\t<\/section>\n\t\t\t\t\t\t\t<\/div>\n\t\t","protected":false},"excerpt":{"rendered":"<p>Induktionsh\u00e4rten Das Induktionsh\u00e4rten geh\u00f6rt zu den Randschichth\u00e4rteverfahren und wird in der DIN 17022-5 definiert. Es kann in die drei Untergruppen: Mittelfrequenzh\u00e4rten, Hochfrequenzh\u00e4rten und Hochfrequenz-Impulsh\u00e4rten eingeteilt werden. Wie bei allen Randschichth\u00e4rteverfahren ist Ziel der Behandlung dem Werkstoff\/Bauteil eine verschlei\u00dffrei, harte Oberfl\u00e4che zu verleihen. Dies wird rein durch die Gef\u00fcgeumwandlung erreicht, denn die chemische Zusammensetzung des Werkstoffs &hellip; <\/p>\n<p class=\"link-more\"><a href=\"http:\/\/www.trautweingmbh.de\/cms\/induktionshaerten\/\" class=\"more-link\">Mehr <span class=\"screen-reader-text\">\u00fcber &#8222;Induktionsh\u00e4rten&#8220; <\/span>Lesen<\/a><\/p>\n","protected":false},"author":2,"featured_media":0,"parent":0,"menu_order":0,"comment_status":"closed","ping_status":"closed","template":"","meta":{"_mi_skip_tracking":false,"_monsterinsights_sitenote_active":false,"_monsterinsights_sitenote_note":"","_monsterinsights_sitenote_category":0,"footnotes":""},"class_list":["post-182","page","type-page","status-publish","hentry"],"yoast_head":"<!-- This site is optimized with the Yoast SEO plugin v21.5 - https:\/\/yoast.com\/wordpress\/plugins\/seo\/ -->\n<title>Induktionsh\u00e4rten hier bei der H\u00e4rterei Trautwein GmbH<\/title>\n<meta name=\"description\" content=\"Das Induktionsh\u00e4rten geh\u00f6rt zu den Randschichth\u00e4rteverfahren und wird in der DIN 17022-5 definiert. Es kann in die drei Untergruppen eingeteilt werden...\" \/>\n<meta name=\"robots\" content=\"index, follow, max-snippet:-1, max-image-preview:large, max-video-preview:-1\" \/>\n<link rel=\"canonical\" href=\"http:\/\/www.trautweingmbh.de\/cms\/induktionshaerten\/\" \/>\n<meta property=\"og:locale\" content=\"de_DE\" \/>\n<meta property=\"og:type\" content=\"article\" \/>\n<meta property=\"og:title\" content=\"Induktionsh\u00e4rten hier bei der H\u00e4rterei Trautwein GmbH\" \/>\n<meta property=\"og:description\" content=\"Das Induktionsh\u00e4rten geh\u00f6rt zu den Randschichth\u00e4rteverfahren und wird in der DIN 17022-5 definiert. Es kann in die drei Untergruppen eingeteilt werden...\" \/>\n<meta property=\"og:url\" content=\"http:\/\/www.trautweingmbh.de\/cms\/induktionshaerten\/\" \/>\n<meta property=\"og:site_name\" content=\"H\u00e4rterei Trautwein GmbH\" \/>\n<meta property=\"article:modified_time\" content=\"2021-12-25T11:30:10+00:00\" \/>\n<meta name=\"twitter:card\" content=\"summary_large_image\" \/>\n<meta name=\"twitter:label1\" content=\"Gesch\u00e4tzte Lesezeit\" \/>\n\t<meta name=\"twitter:data1\" content=\"3\u00a0Minuten\" \/>\n<script type=\"application\/ld+json\" class=\"yoast-schema-graph\">{\"@context\":\"https:\/\/schema.org\",\"@graph\":[{\"@type\":\"WebPage\",\"@id\":\"http:\/\/www.trautweingmbh.de\/cms\/induktionshaerten\/\",\"url\":\"http:\/\/www.trautweingmbh.de\/cms\/induktionshaerten\/\",\"name\":\"Induktionsh\u00e4rten hier bei der H\u00e4rterei Trautwein GmbH\",\"isPartOf\":{\"@id\":\"http:\/\/www.trautweingmbh.de\/cms\/#website\"},\"datePublished\":\"2015-07-03T19:45:48+00:00\",\"dateModified\":\"2021-12-25T11:30:10+00:00\",\"description\":\"Das Induktionsh\u00e4rten geh\u00f6rt zu den Randschichth\u00e4rteverfahren und wird in der DIN 17022-5 definiert. Es kann in die drei Untergruppen eingeteilt werden...\",\"breadcrumb\":{\"@id\":\"http:\/\/www.trautweingmbh.de\/cms\/induktionshaerten\/#breadcrumb\"},\"inLanguage\":\"de\",\"potentialAction\":[{\"@type\":\"ReadAction\",\"target\":[\"http:\/\/www.trautweingmbh.de\/cms\/induktionshaerten\/\"]}]},{\"@type\":\"BreadcrumbList\",\"@id\":\"http:\/\/www.trautweingmbh.de\/cms\/induktionshaerten\/#breadcrumb\",\"itemListElement\":[{\"@type\":\"ListItem\",\"position\":1,\"name\":\"Home\",\"item\":\"http:\/\/www.trautweingmbh.de\/cms\/\"},{\"@type\":\"ListItem\",\"position\":2,\"name\":\"Induktionsh\u00e4rten\"}]},{\"@type\":\"WebSite\",\"@id\":\"http:\/\/www.trautweingmbh.de\/cms\/#website\",\"url\":\"http:\/\/www.trautweingmbh.de\/cms\/\",\"name\":\"H\u00e4rterei Trautwein GmbH\",\"description\":\"W\u00e4rmebehandlung von Metallen | Oberfl\u00e4chenveredelung\",\"publisher\":{\"@id\":\"http:\/\/www.trautweingmbh.de\/cms\/#organization\"},\"potentialAction\":[{\"@type\":\"SearchAction\",\"target\":{\"@type\":\"EntryPoint\",\"urlTemplate\":\"http:\/\/www.trautweingmbh.de\/cms\/?s={search_term_string}\"},\"query-input\":\"required name=search_term_string\"}],\"inLanguage\":\"de\"},{\"@type\":\"Organization\",\"@id\":\"http:\/\/www.trautweingmbh.de\/cms\/#organization\",\"name\":\"Trautwein GmbH\",\"url\":\"http:\/\/www.trautweingmbh.de\/cms\/\",\"logo\":{\"@type\":\"ImageObject\",\"inLanguage\":\"de\",\"@id\":\"http:\/\/www.trautweingmbh.de\/cms\/#\/schema\/logo\/image\/\",\"url\":\"http:\/\/www.trautweingmbh.de\/cms\/wp-content\/uploads\/2013\/08\/Logo_m.gif\",\"contentUrl\":\"http:\/\/www.trautweingmbh.de\/cms\/wp-content\/uploads\/2013\/08\/Logo_m.gif\",\"width\":360,\"height\":55,\"caption\":\"Trautwein GmbH\"},\"image\":{\"@id\":\"http:\/\/www.trautweingmbh.de\/cms\/#\/schema\/logo\/image\/\"}}]}<\/script>\n<!-- \/ Yoast SEO plugin. -->","yoast_head_json":{"title":"Induktionsh\u00e4rten hier bei der H\u00e4rterei Trautwein GmbH","description":"Das Induktionsh\u00e4rten geh\u00f6rt zu den Randschichth\u00e4rteverfahren und wird in der DIN 17022-5 definiert. Es kann in die drei Untergruppen eingeteilt werden...","robots":{"index":"index","follow":"follow","max-snippet":"max-snippet:-1","max-image-preview":"max-image-preview:large","max-video-preview":"max-video-preview:-1"},"canonical":"http:\/\/www.trautweingmbh.de\/cms\/induktionshaerten\/","og_locale":"de_DE","og_type":"article","og_title":"Induktionsh\u00e4rten hier bei der H\u00e4rterei Trautwein GmbH","og_description":"Das Induktionsh\u00e4rten geh\u00f6rt zu den Randschichth\u00e4rteverfahren und wird in der DIN 17022-5 definiert. Es kann in die drei Untergruppen eingeteilt werden...","og_url":"http:\/\/www.trautweingmbh.de\/cms\/induktionshaerten\/","og_site_name":"H\u00e4rterei Trautwein GmbH","article_modified_time":"2021-12-25T11:30:10+00:00","twitter_card":"summary_large_image","twitter_misc":{"Gesch\u00e4tzte Lesezeit":"3\u00a0Minuten"},"schema":{"@context":"https:\/\/schema.org","@graph":[{"@type":"WebPage","@id":"http:\/\/www.trautweingmbh.de\/cms\/induktionshaerten\/","url":"http:\/\/www.trautweingmbh.de\/cms\/induktionshaerten\/","name":"Induktionsh\u00e4rten hier bei der H\u00e4rterei Trautwein GmbH","isPartOf":{"@id":"http:\/\/www.trautweingmbh.de\/cms\/#website"},"datePublished":"2015-07-03T19:45:48+00:00","dateModified":"2021-12-25T11:30:10+00:00","description":"Das Induktionsh\u00e4rten geh\u00f6rt zu den Randschichth\u00e4rteverfahren und wird in der DIN 17022-5 definiert. Es kann in die drei Untergruppen eingeteilt werden...","breadcrumb":{"@id":"http:\/\/www.trautweingmbh.de\/cms\/induktionshaerten\/#breadcrumb"},"inLanguage":"de","potentialAction":[{"@type":"ReadAction","target":["http:\/\/www.trautweingmbh.de\/cms\/induktionshaerten\/"]}]},{"@type":"BreadcrumbList","@id":"http:\/\/www.trautweingmbh.de\/cms\/induktionshaerten\/#breadcrumb","itemListElement":[{"@type":"ListItem","position":1,"name":"Home","item":"http:\/\/www.trautweingmbh.de\/cms\/"},{"@type":"ListItem","position":2,"name":"Induktionsh\u00e4rten"}]},{"@type":"WebSite","@id":"http:\/\/www.trautweingmbh.de\/cms\/#website","url":"http:\/\/www.trautweingmbh.de\/cms\/","name":"H\u00e4rterei Trautwein GmbH","description":"W\u00e4rmebehandlung von Metallen | Oberfl\u00e4chenveredelung","publisher":{"@id":"http:\/\/www.trautweingmbh.de\/cms\/#organization"},"potentialAction":[{"@type":"SearchAction","target":{"@type":"EntryPoint","urlTemplate":"http:\/\/www.trautweingmbh.de\/cms\/?s={search_term_string}"},"query-input":"required name=search_term_string"}],"inLanguage":"de"},{"@type":"Organization","@id":"http:\/\/www.trautweingmbh.de\/cms\/#organization","name":"Trautwein GmbH","url":"http:\/\/www.trautweingmbh.de\/cms\/","logo":{"@type":"ImageObject","inLanguage":"de","@id":"http:\/\/www.trautweingmbh.de\/cms\/#\/schema\/logo\/image\/","url":"http:\/\/www.trautweingmbh.de\/cms\/wp-content\/uploads\/2013\/08\/Logo_m.gif","contentUrl":"http:\/\/www.trautweingmbh.de\/cms\/wp-content\/uploads\/2013\/08\/Logo_m.gif","width":360,"height":55,"caption":"Trautwein GmbH"},"image":{"@id":"http:\/\/www.trautweingmbh.de\/cms\/#\/schema\/logo\/image\/"}}]}},"jetpack_sharing_enabled":true,"_links":{"self":[{"href":"http:\/\/www.trautweingmbh.de\/cms\/wp-json\/wp\/v2\/pages\/182","targetHints":{"allow":["GET"]}}],"collection":[{"href":"http:\/\/www.trautweingmbh.de\/cms\/wp-json\/wp\/v2\/pages"}],"about":[{"href":"http:\/\/www.trautweingmbh.de\/cms\/wp-json\/wp\/v2\/types\/page"}],"author":[{"embeddable":true,"href":"http:\/\/www.trautweingmbh.de\/cms\/wp-json\/wp\/v2\/users\/2"}],"replies":[{"embeddable":true,"href":"http:\/\/www.trautweingmbh.de\/cms\/wp-json\/wp\/v2\/comments?post=182"}],"version-history":[{"count":33,"href":"http:\/\/www.trautweingmbh.de\/cms\/wp-json\/wp\/v2\/pages\/182\/revisions"}],"predecessor-version":[{"id":7288,"href":"http:\/\/www.trautweingmbh.de\/cms\/wp-json\/wp\/v2\/pages\/182\/revisions\/7288"}],"wp:attachment":[{"href":"http:\/\/www.trautweingmbh.de\/cms\/wp-json\/wp\/v2\/media?parent=182"}],"curies":[{"name":"wp","href":"https:\/\/api.w.org\/{rel}","templated":true}]}}