{"id":177,"date":"2015-07-03T21:45:09","date_gmt":"2015-07-03T19:45:09","guid":{"rendered":"http:\/\/trautweingmbh.de\/cms\/?page_id=177"},"modified":"2021-12-25T07:35:14","modified_gmt":"2021-12-25T05:35:14","slug":"anlassen-und-tempern","status":"publish","type":"page","link":"http:\/\/www.trautweingmbh.de\/cms\/anlassen-und-tempern\/","title":{"rendered":"Anlassen und Tempern"},"content":{"rendered":"\t\t<div data-elementor-type=\"wp-page\" data-elementor-id=\"177\" class=\"elementor elementor-177\">\n\t\t\t\t\t\t\t\t\t<section class=\"elementor-section elementor-top-section elementor-element elementor-element-6fe07ade elementor-section-boxed elementor-section-height-default elementor-section-height-default\" data-id=\"6fe07ade\" data-element_type=\"section\">\n\t\t\t\t\t\t<div class=\"elementor-container elementor-column-gap-default\">\n\t\t\t\t\t<div class=\"elementor-column elementor-col-100 elementor-top-column elementor-element elementor-element-3a31655a\" data-id=\"3a31655a\" data-element_type=\"column\">\n\t\t\t<div class=\"elementor-widget-wrap elementor-element-populated\">\n\t\t\t\t\t\t\t\t<div class=\"elementor-element elementor-element-2bf19962 elementor-widget elementor-widget-text-editor\" data-id=\"2bf19962\" data-element_type=\"widget\" data-widget_type=\"text-editor.default\">\n\t\t\t\t<div class=\"elementor-widget-container\">\n\t\t\t<style>\/*! elementor - v3.17.0 - 08-11-2023 *\/\n.elementor-widget-text-editor.elementor-drop-cap-view-stacked .elementor-drop-cap{background-color:#69727d;color:#fff}.elementor-widget-text-editor.elementor-drop-cap-view-framed .elementor-drop-cap{color:#69727d;border:3px solid;background-color:transparent}.elementor-widget-text-editor:not(.elementor-drop-cap-view-default) .elementor-drop-cap{margin-top:8px}.elementor-widget-text-editor:not(.elementor-drop-cap-view-default) .elementor-drop-cap-letter{width:1em;height:1em}.elementor-widget-text-editor .elementor-drop-cap{float:left;text-align:center;line-height:1;font-size:50px}.elementor-widget-text-editor .elementor-drop-cap-letter{display:inline-block}<\/style>\t\t\t\t<h1 style=\"text-align: justify;\"><strong>ANLASSEN &amp; TEMPERN<br \/><\/strong><\/h1><p style=\"text-align: justify;\">Als<strong> Anlassen und Tempern<\/strong> wird das Erw\u00e4rmen und Halten von Temperaturen bezeichnet im Bereich 100-650 \u00b0C je nach sp\u00e4terem Verwendungszweck der Bauteile. Es wird \u00fcberwiegend im Anschluss an eine vorangegangene W\u00e4rmebehandlung durchgef\u00fchrt und stellt die geforderte Gebrauchsh\u00e4rte ein.<\/p><p style=\"text-align: justify;\">Einsatzgeh\u00e4rtete Werkst\u00fccke werden \u00fcblicherweise oberhalb von 150\u00b0C, meist bei 180\u00b0C oder h\u00f6her angelassen. Hierdurch wird Kohlenstoff aus dem Martensit ausgeschieden und bildet in Verbindung mit Eisen oder seinen metallischen Legierungselementen Carbide. Die H\u00e4rte wir verringert und das martensitische Gitter wird weniger verzerrt.<\/p><ul><li style=\"text-align: justify;\">Anlassen bei niedrigen Temperaturen von 100-250\u00b0C dient dem Abbau innerer Spannungen und Verminderung der Spr\u00f6digkeit. Der behandelte Werkstoff erh\u00e4lt einen Teil seiner Verformbarkeit zur\u00fcck.<\/li><li style=\"text-align: justify;\">Anlassen bei Temperaturen um die 180\u00b0C vermindert die Rissempfindlichkeit und zwar ohne dass\u00a0 signifikante Abnahmen der Eigenspannungen stattfinden. Dies kann n\u00fctzlich sein f\u00fcr darauffolgende Arbeitsschritte. (z.B. Verschlei\u00df- und Festigkeitsverhalten)<\/li><li style=\"text-align: justify;\">Anlassen bei h\u00f6heren Temperaturen von 500-680\u00b0C stellt das Verh\u00e4ltnis zwischen Z\u00e4higkeit und Festigkeit ein. Bei Sonderst\u00e4hlen wie zum Beispiel Warm- und Schnellarbeitsst\u00e4hle sowie warmharte W\u00e4lzlagerst\u00e4hle f\u00fchrt das Anlassen mit hohen Temperaturen zu einem Wiederanstieg der H\u00e4rte und Festigkeit.<\/li><\/ul>\t\t\t\t\t\t<\/div>\n\t\t\t\t<\/div>\n\t\t\t\t\t<\/div>\n\t\t<\/div>\n\t\t\t\t\t\t\t<\/div>\n\t\t<\/section>\n\t\t\t\t\t\t\t<\/div>\n\t\t","protected":false},"excerpt":{"rendered":"<p>ANLASSEN &amp; TEMPERN Als Anlassen und Tempern wird das Erw\u00e4rmen und Halten von Temperaturen bezeichnet im Bereich 100-650 \u00b0C je nach sp\u00e4terem Verwendungszweck der Bauteile. Es wird \u00fcberwiegend im Anschluss an eine vorangegangene W\u00e4rmebehandlung durchgef\u00fchrt und stellt die geforderte Gebrauchsh\u00e4rte ein. Einsatzgeh\u00e4rtete Werkst\u00fccke werden \u00fcblicherweise oberhalb von 150\u00b0C, meist bei 180\u00b0C oder h\u00f6her angelassen. Hierdurch &hellip; <\/p>\n<p class=\"link-more\"><a href=\"http:\/\/www.trautweingmbh.de\/cms\/anlassen-und-tempern\/\" class=\"more-link\">Mehr <span class=\"screen-reader-text\">\u00fcber &#8222;Anlassen und Tempern&#8220; <\/span>Lesen<\/a><\/p>\n","protected":false},"author":2,"featured_media":0,"parent":0,"menu_order":0,"comment_status":"closed","ping_status":"closed","template":"","meta":{"_mi_skip_tracking":false,"_monsterinsights_sitenote_active":false,"_monsterinsights_sitenote_note":"","_monsterinsights_sitenote_category":0,"footnotes":""},"class_list":["post-177","page","type-page","status-publish","hentry"],"yoast_head":"<!-- This site is optimized with the Yoast SEO plugin v21.5 - https:\/\/yoast.com\/wordpress\/plugins\/seo\/ -->\n<title>Anlassen und Tempern - Trautwein GmbH<\/title>\n<meta name=\"description\" content=\"Anlassen und Tempern. Das Anlassen ist das Erw\u00e4rmen und Halten von Temperaturen im Bereich 100-650 \u00b0C je nach sp\u00e4terem Verwendungszweck der Bauteile.\" \/>\n<meta name=\"robots\" content=\"index, follow, max-snippet:-1, max-image-preview:large, max-video-preview:-1\" \/>\n<link rel=\"canonical\" href=\"http:\/\/www.trautweingmbh.de\/cms\/anlassen-und-tempern\/\" \/>\n<meta property=\"og:locale\" content=\"de_DE\" \/>\n<meta property=\"og:type\" content=\"article\" \/>\n<meta property=\"og:title\" content=\"Anlassen und Tempern - Trautwein GmbH\" \/>\n<meta property=\"og:description\" content=\"Anlassen und Tempern. Das Anlassen ist das Erw\u00e4rmen und Halten von Temperaturen im Bereich 100-650 \u00b0C je nach sp\u00e4terem Verwendungszweck der Bauteile.\" \/>\n<meta property=\"og:url\" content=\"http:\/\/www.trautweingmbh.de\/cms\/anlassen-und-tempern\/\" \/>\n<meta property=\"og:site_name\" content=\"H\u00e4rterei Trautwein GmbH\" \/>\n<meta property=\"article:modified_time\" content=\"2021-12-25T05:35:14+00:00\" \/>\n<meta name=\"twitter:card\" content=\"summary_large_image\" \/>\n<meta name=\"twitter:label1\" content=\"Gesch\u00e4tzte Lesezeit\" \/>\n\t<meta name=\"twitter:data1\" content=\"1\u00a0Minute\" \/>\n<script type=\"application\/ld+json\" class=\"yoast-schema-graph\">{\"@context\":\"https:\/\/schema.org\",\"@graph\":[{\"@type\":\"WebPage\",\"@id\":\"http:\/\/www.trautweingmbh.de\/cms\/anlassen-und-tempern\/\",\"url\":\"http:\/\/www.trautweingmbh.de\/cms\/anlassen-und-tempern\/\",\"name\":\"Anlassen und Tempern - Trautwein GmbH\",\"isPartOf\":{\"@id\":\"http:\/\/www.trautweingmbh.de\/cms\/#website\"},\"datePublished\":\"2015-07-03T19:45:09+00:00\",\"dateModified\":\"2021-12-25T05:35:14+00:00\",\"description\":\"Anlassen und Tempern. Das Anlassen ist das Erw\u00e4rmen und Halten von Temperaturen im Bereich 100-650 \u00b0C je nach sp\u00e4terem Verwendungszweck der Bauteile.\",\"breadcrumb\":{\"@id\":\"http:\/\/www.trautweingmbh.de\/cms\/anlassen-und-tempern\/#breadcrumb\"},\"inLanguage\":\"de\",\"potentialAction\":[{\"@type\":\"ReadAction\",\"target\":[\"http:\/\/www.trautweingmbh.de\/cms\/anlassen-und-tempern\/\"]}]},{\"@type\":\"BreadcrumbList\",\"@id\":\"http:\/\/www.trautweingmbh.de\/cms\/anlassen-und-tempern\/#breadcrumb\",\"itemListElement\":[{\"@type\":\"ListItem\",\"position\":1,\"name\":\"Home\",\"item\":\"http:\/\/www.trautweingmbh.de\/cms\/\"},{\"@type\":\"ListItem\",\"position\":2,\"name\":\"Anlassen und Tempern\"}]},{\"@type\":\"WebSite\",\"@id\":\"http:\/\/www.trautweingmbh.de\/cms\/#website\",\"url\":\"http:\/\/www.trautweingmbh.de\/cms\/\",\"name\":\"H\u00e4rterei Trautwein GmbH\",\"description\":\"W\u00e4rmebehandlung von Metallen | Oberfl\u00e4chenveredelung\",\"publisher\":{\"@id\":\"http:\/\/www.trautweingmbh.de\/cms\/#organization\"},\"potentialAction\":[{\"@type\":\"SearchAction\",\"target\":{\"@type\":\"EntryPoint\",\"urlTemplate\":\"http:\/\/www.trautweingmbh.de\/cms\/?s={search_term_string}\"},\"query-input\":\"required name=search_term_string\"}],\"inLanguage\":\"de\"},{\"@type\":\"Organization\",\"@id\":\"http:\/\/www.trautweingmbh.de\/cms\/#organization\",\"name\":\"Trautwein GmbH\",\"url\":\"http:\/\/www.trautweingmbh.de\/cms\/\",\"logo\":{\"@type\":\"ImageObject\",\"inLanguage\":\"de\",\"@id\":\"http:\/\/www.trautweingmbh.de\/cms\/#\/schema\/logo\/image\/\",\"url\":\"http:\/\/www.trautweingmbh.de\/cms\/wp-content\/uploads\/2013\/08\/Logo_m.gif\",\"contentUrl\":\"http:\/\/www.trautweingmbh.de\/cms\/wp-content\/uploads\/2013\/08\/Logo_m.gif\",\"width\":360,\"height\":55,\"caption\":\"Trautwein GmbH\"},\"image\":{\"@id\":\"http:\/\/www.trautweingmbh.de\/cms\/#\/schema\/logo\/image\/\"}}]}<\/script>\n<!-- \/ Yoast SEO plugin. -->","yoast_head_json":{"title":"Anlassen und Tempern - Trautwein GmbH","description":"Anlassen und Tempern. Das Anlassen ist das Erw\u00e4rmen und Halten von Temperaturen im Bereich 100-650 \u00b0C je nach sp\u00e4terem Verwendungszweck der Bauteile.","robots":{"index":"index","follow":"follow","max-snippet":"max-snippet:-1","max-image-preview":"max-image-preview:large","max-video-preview":"max-video-preview:-1"},"canonical":"http:\/\/www.trautweingmbh.de\/cms\/anlassen-und-tempern\/","og_locale":"de_DE","og_type":"article","og_title":"Anlassen und Tempern - Trautwein GmbH","og_description":"Anlassen und Tempern. Das Anlassen ist das Erw\u00e4rmen und Halten von Temperaturen im Bereich 100-650 \u00b0C je nach sp\u00e4terem Verwendungszweck der Bauteile.","og_url":"http:\/\/www.trautweingmbh.de\/cms\/anlassen-und-tempern\/","og_site_name":"H\u00e4rterei Trautwein GmbH","article_modified_time":"2021-12-25T05:35:14+00:00","twitter_card":"summary_large_image","twitter_misc":{"Gesch\u00e4tzte Lesezeit":"1\u00a0Minute"},"schema":{"@context":"https:\/\/schema.org","@graph":[{"@type":"WebPage","@id":"http:\/\/www.trautweingmbh.de\/cms\/anlassen-und-tempern\/","url":"http:\/\/www.trautweingmbh.de\/cms\/anlassen-und-tempern\/","name":"Anlassen und Tempern - Trautwein GmbH","isPartOf":{"@id":"http:\/\/www.trautweingmbh.de\/cms\/#website"},"datePublished":"2015-07-03T19:45:09+00:00","dateModified":"2021-12-25T05:35:14+00:00","description":"Anlassen und Tempern. Das Anlassen ist das Erw\u00e4rmen und Halten von Temperaturen im Bereich 100-650 \u00b0C je nach sp\u00e4terem Verwendungszweck der Bauteile.","breadcrumb":{"@id":"http:\/\/www.trautweingmbh.de\/cms\/anlassen-und-tempern\/#breadcrumb"},"inLanguage":"de","potentialAction":[{"@type":"ReadAction","target":["http:\/\/www.trautweingmbh.de\/cms\/anlassen-und-tempern\/"]}]},{"@type":"BreadcrumbList","@id":"http:\/\/www.trautweingmbh.de\/cms\/anlassen-und-tempern\/#breadcrumb","itemListElement":[{"@type":"ListItem","position":1,"name":"Home","item":"http:\/\/www.trautweingmbh.de\/cms\/"},{"@type":"ListItem","position":2,"name":"Anlassen und Tempern"}]},{"@type":"WebSite","@id":"http:\/\/www.trautweingmbh.de\/cms\/#website","url":"http:\/\/www.trautweingmbh.de\/cms\/","name":"H\u00e4rterei Trautwein GmbH","description":"W\u00e4rmebehandlung von Metallen | Oberfl\u00e4chenveredelung","publisher":{"@id":"http:\/\/www.trautweingmbh.de\/cms\/#organization"},"potentialAction":[{"@type":"SearchAction","target":{"@type":"EntryPoint","urlTemplate":"http:\/\/www.trautweingmbh.de\/cms\/?s={search_term_string}"},"query-input":"required name=search_term_string"}],"inLanguage":"de"},{"@type":"Organization","@id":"http:\/\/www.trautweingmbh.de\/cms\/#organization","name":"Trautwein GmbH","url":"http:\/\/www.trautweingmbh.de\/cms\/","logo":{"@type":"ImageObject","inLanguage":"de","@id":"http:\/\/www.trautweingmbh.de\/cms\/#\/schema\/logo\/image\/","url":"http:\/\/www.trautweingmbh.de\/cms\/wp-content\/uploads\/2013\/08\/Logo_m.gif","contentUrl":"http:\/\/www.trautweingmbh.de\/cms\/wp-content\/uploads\/2013\/08\/Logo_m.gif","width":360,"height":55,"caption":"Trautwein GmbH"},"image":{"@id":"http:\/\/www.trautweingmbh.de\/cms\/#\/schema\/logo\/image\/"}}]}},"jetpack_sharing_enabled":true,"_links":{"self":[{"href":"http:\/\/www.trautweingmbh.de\/cms\/wp-json\/wp\/v2\/pages\/177","targetHints":{"allow":["GET"]}}],"collection":[{"href":"http:\/\/www.trautweingmbh.de\/cms\/wp-json\/wp\/v2\/pages"}],"about":[{"href":"http:\/\/www.trautweingmbh.de\/cms\/wp-json\/wp\/v2\/types\/page"}],"author":[{"embeddable":true,"href":"http:\/\/www.trautweingmbh.de\/cms\/wp-json\/wp\/v2\/users\/2"}],"replies":[{"embeddable":true,"href":"http:\/\/www.trautweingmbh.de\/cms\/wp-json\/wp\/v2\/comments?post=177"}],"version-history":[{"count":19,"href":"http:\/\/www.trautweingmbh.de\/cms\/wp-json\/wp\/v2\/pages\/177\/revisions"}],"predecessor-version":[{"id":7042,"href":"http:\/\/www.trautweingmbh.de\/cms\/wp-json\/wp\/v2\/pages\/177\/revisions\/7042"}],"wp:attachment":[{"href":"http:\/\/www.trautweingmbh.de\/cms\/wp-json\/wp\/v2\/media?parent=177"}],"curies":[{"name":"wp","href":"https:\/\/api.w.org\/{rel}","templated":true}]}}